{"id":9,"date":"2020-06-20T22:16:49","date_gmt":"2020-06-20T22:16:49","guid":{"rendered":"http:\/\/www.ricardocmora.com\/funebres\/?page_id=9"},"modified":"2025-06-02T10:49:28","modified_gmt":"2025-06-02T13:49:28","slug":"principal","status":"publish","type":"page","link":"http:\/\/www.ricardocmora.com\/funebres\/","title":{"rendered":"Principal"},"content":{"rendered":"[vc_row type=\u00bbfull_width_content\u00bb full_screen_row_position=\u00bbmiddle\u00bb bg_color=\u00bb#646b6e\u00bb scene_position=\u00bbcenter\u00bb text_color=\u00bbdark\u00bb text_align=\u00bbleft\u00bb bottom_padding=\u00bb13%\u00bb overlay_strength=\u00bb0.3&#8243; enable_shape_divider=\u00bbtrue\u00bb shape_divider_color=\u00bb#ffffff\u00bb shape_divider_position=\u00bbbottom\u00bb shape_divider_height=\u00bb200&#8243; shape_type=\u00bbwaves\u00bb][vc_column column_padding=\u00bbno-extra-padding\u00bb column_padding_position=\u00bball\u00bb background_color_opacity=\u00bb1&#8243; background_hover_color_opacity=\u00bb1&#8243; column_link_target=\u00bb_self\u00bb column_shadow=\u00bbnone\u00bb column_border_radius=\u00bbnone\u00bb width=\u00bb1\/1&#8243; tablet_width_inherit=\u00bbdefault\u00bb tablet_text_alignment=\u00bbdefault\u00bb phone_text_alignment=\u00bbdefault\u00bb column_border_width=\u00bbnone\u00bb column_border_style=\u00bbsolid\u00bb][\/vc_column][vc_column column_padding=\u00bbno-extra-padding\u00bb column_padding_position=\u00bball\u00bb background_color_opacity=\u00bb1&#8243; background_hover_color_opacity=\u00bb1&#8243; column_link_target=\u00bb_self\u00bb column_shadow=\u00bbnone\u00bb column_border_radius=\u00bbnone\u00bb width=\u00bb1\/1&#8243; tablet_width_inherit=\u00bbdefault\u00bb tablet_text_alignment=\u00bbdefault\u00bb phone_text_alignment=\u00bbdefault\u00bb column_border_width=\u00bbnone\u00bb column_border_style=\u00bbsolid\u00bb offset=\u00bbvc_hidden-lg\u00bb]<div class=\"divider-wrap\" data-alignment=\"default\"><div style=\"height: 10px;\" class=\"divider\"><\/div><\/div>[\/vc_column][\/vc_row][vc_row type=\u00bbfull_width_content\u00bb full_screen_row_position=\u00bbmiddle\u00bb scene_position=\u00bbcenter\u00bb text_color=\u00bbdark\u00bb text_align=\u00bbleft\u00bb overlay_strength=\u00bb0.3&#8243; shape_divider_position=\u00bbbottom\u00bb shape_type=\u00bb\u00bb][vc_column column_padding=\u00bbno-extra-padding\u00bb column_padding_position=\u00bball\u00bb background_color_opacity=\u00bb1&#8243; background_hover_color_opacity=\u00bb1&#8243; column_link_target=\u00bb_self\u00bb column_shadow=\u00bbnone\u00bb column_border_radius=\u00bbnone\u00bb width=\u00bb1\/1&#8243; tablet_width_inherit=\u00bbdefault\u00bb tablet_text_alignment=\u00bbdefault\u00bb phone_text_alignment=\u00bbdefault\u00bb column_border_width=\u00bbnone\u00bb column_border_style=\u00bbsolid\u00bb]<div class=\"divider-wrap\" data-alignment=\"default\"><div style=\"height: 100px;\" class=\"divider\"><\/div><\/div>[\/vc_column][\/vc_row][vc_row type=\u00bbin_container\u00bb full_screen_row_position=\u00bbmiddle\u00bb scene_position=\u00bbcenter\u00bb text_color=\u00bbdark\u00bb text_align=\u00bbleft\u00bb overlay_strength=\u00bb0.3&#8243; shape_divider_position=\u00bbbottom\u00bb][vc_column column_padding=\u00bbno-extra-padding\u00bb column_padding_position=\u00bball\u00bb background_color_opacity=\u00bb1&#8243; background_hover_color_opacity=\u00bb1&#8243; column_link_target=\u00bb_self\u00bb column_shadow=\u00bbnone\u00bb column_border_radius=\u00bbnone\u00bb width=\u00bb1\/1&#8243; tablet_width_inherit=\u00bbdefault\u00bb tablet_text_alignment=\u00bbdefault\u00bb phone_text_alignment=\u00bbdefault\u00bb column_border_width=\u00bbnone\u00bb column_border_style=\u00bbsolid\u00bb]<div class=\"divider-wrap\" data-alignment=\"default\"><div style=\"height: 70px;\" class=\"divider\"><\/div><\/div>[vc_custom_heading text=\u00bbSalas Velatorias\u00bb font_container=\u00bbtag:h1|text_align:center|color:%23161616&#8243; google_fonts=\u00bbfont_family:Varela%20Round%3Aregular|font_style:400%20regular%3A400%3Anormal\u00bb css_animation=\u00bbbounceInUp\u00bb]<div class=\"divider-wrap\" data-alignment=\"default\"><div style=\"height: 30px;\" class=\"divider\"><\/div><\/div>[vc_custom_heading text=\u00bbUn empresa familiar con m\u00e1s de 30 a\u00f1os de experiencia,<br \/>\ndedicada totalmente a sus afiliados siempre velando<br \/>\npor su bienestar.\u00bb font_container=\u00bbtag:h3|text_align:center|color:%23161616&#8243; google_fonts=\u00bbfont_family:Varela%20Round%3Aregular|font_style:400%20regular%3A400%3Anormal\u00bb css_animation=\u00bbbounceInUp\u00bb][\/vc_column][\/vc_row][vc_row type=\u00bbfull_width_background\u00bb full_screen_row_position=\u00bbmiddle\u00bb scene_position=\u00bbcenter\u00bb text_color=\u00bbdark\u00bb text_align=\u00bbleft\u00bb top_padding=\u00bb10%\u00bb bottom_padding=\u00bb10%\u00bb overlay_strength=\u00bb0.3&#8243; shape_divider_position=\u00bbbottom\u00bb][vc_column column_padding=\u00bbno-extra-padding\u00bb column_padding_position=\u00bball\u00bb background_color_opacity=\u00bb1&#8243; background_hover_color_opacity=\u00bb1&#8243; column_link_target=\u00bb_self\u00bb column_shadow=\u00bbnone\u00bb column_border_radius=\u00bbnone\u00bb width=\u00bb1\/1&#8243; tablet_width_inherit=\u00bbdefault\u00bb tablet_text_alignment=\u00bbdefault\u00bb phone_text_alignment=\u00bbdefault\u00bb column_border_width=\u00bbnone\u00bb column_border_style=\u00bbsolid\u00bb][vc_row_inner equal_height=\u00bbyes\u00bb content_placement=\u00bbmiddle\u00bb column_margin=\u00bbdefault\u00bb text_align=\u00bbleft\u00bb][vc_column_inner column_padding=\u00bbno-extra-padding\u00bb column_padding_position=\u00bball\u00bb background_color_opacity=\u00bb1&#8243; background_hover_color_opacity=\u00bb1&#8243; column_shadow=\u00bbnone\u00bb column_border_radius=\u00bbnone\u00bb column_link_target=\u00bb_self\u00bb width=\u00bb1\/2&#8243; tablet_width_inherit=\u00bbdefault\u00bb column_border_width=\u00bbnone\u00bb column_border_style=\u00bbsolid\u00bb][split_line_heading]\n<h2>D\u00e9jenos ayudarle con el<\/h2>\n<h2>transporte f\u00fanebre<\/h2>\n[\/split_line_heading][vc_column_text css_animation=\u00bbbottom-to-top\u00bb css=\u00bb.vc_custom_1748871981655{margin-top: 15px !important;}\u00bb max_width=\u00bb500&#8243;]En Ricardo C. Mora, renovamos nuestro compromiso con la calidad y el servicio incorporando una nueva l\u00ednea de veh\u00edculos f\u00fanebres. Estos modelos destacan por su dise\u00f1o moderno, su confort y su eficiencia, pensados para acompa\u00f1ar cada ceremonia con la distinci\u00f3n y el respeto que nos caracterizan. Esta actualizaci\u00f3n nos permite brindar una experiencia m\u00e1s completa, profesional y a la altura de las expectativas de nuestras familias.[\/vc_column_text][\/vc_column_inner][vc_column_inner column_padding=\u00bbno-extra-padding\u00bb column_padding_position=\u00bball\u00bb background_color_opacity=\u00bb1&#8243; background_hover_color_opacity=\u00bb1&#8243; column_shadow=\u00bbnone\u00bb column_border_radius=\u00bbnone\u00bb column_link_target=\u00bb_self\u00bb width=\u00bb1\/2&#8243; tablet_width_inherit=\u00bbdefault\u00bb column_border_width=\u00bbnone\u00bb column_border_style=\u00bbsolid\u00bb][vc_gallery type=\u00bbflexslider_style\u00bb images=\u00bb486,485,484,483&#8243; onclick=\u00bblink_no\u00bb][\/vc_column_inner][\/vc_row_inner][\/vc_column][\/vc_row][vc_row type=\u00bbin_container\u00bb full_screen_row_position=\u00bbmiddle\u00bb scene_position=\u00bbcenter\u00bb text_color=\u00bbdark\u00bb text_align=\u00bbleft\u00bb overlay_strength=\u00bb0.3&#8243; shape_divider_position=\u00bbbottom\u00bb][vc_column column_padding=\u00bbno-extra-padding\u00bb column_padding_position=\u00bball\u00bb background_color_opacity=\u00bb1&#8243; background_hover_color_opacity=\u00bb1&#8243; column_link_target=\u00bb_self\u00bb column_shadow=\u00bbnone\u00bb column_border_radius=\u00bbnone\u00bb width=\u00bb1\/1&#8243; tablet_width_inherit=\u00bbdefault\u00bb tablet_text_alignment=\u00bbdefault\u00bb phone_text_alignment=\u00bbdefault\u00bb column_border_width=\u00bbnone\u00bb column_border_style=\u00bbsolid\u00bb][vc_custom_heading text=\u00bbCont\u00e1ctenos\u00bb font_container=\u00bbtag:h1|text_align:center|color:%23161616&#8243; google_fonts=\u00bbfont_family:Varela%20Round%3Aregular|font_style:400%20regular%3A400%3Anormal\u00bb css_animation=\u00bbbounceInUp\u00bb][contact-form-7 id=\u00bb5&#8243;][\/vc_column][\/vc_row]\n","protected":false},"excerpt":{"rendered":"<p>[vc_row type=\u00bbfull_width_content\u00bb full_screen_row_position=\u00bbmiddle\u00bb bg_color=\u00bb#646b6e\u00bb scene_position=\u00bbcenter\u00bb text_color=\u00bbdark\u00bb text_align=\u00bbleft\u00bb bottom_padding=\u00bb13%\u00bb overlay_strength=\u00bb0.3&#8243; enable_shape_divider=\u00bbtrue\u00bb shape_divider_color=\u00bb#ffffff\u00bb shape_divider_position=\u00bbbottom\u00bb shape_divider_height=\u00bb200&#8243; shape_type=\u00bbwaves\u00bb][vc_column column_padding=\u00bbno-extra-padding\u00bb column_padding_position=\u00bball\u00bb background_color_opacity=\u00bb1&#8243; background_hover_color_opacity=\u00bb1&#8243; column_link_target=\u00bb_self\u00bb column_shadow=\u00bbnone\u00bb column_border_radius=\u00bbnone\u00bb width=\u00bb1\/1&#8243; tablet_width_inherit=\u00bbdefault\u00bb tablet_text_alignment=\u00bbdefault\u00bb phone_text_alignment=\u00bbdefault\u00bb column_border_width=\u00bbnone\u00bb column_border_style=\u00bbsolid\u00bb][\/vc_column][vc_column column_padding=\u00bbno-extra-padding\u00bb column_padding_position=\u00bball\u00bb background_color_opacity=\u00bb1&#8243;&#8230;<\/p>\n","protected":false},"author":4,"featured_media":0,"parent":0,"menu_order":0,"comment_status":"closed","ping_status":"closed","template":"","meta":{"footnotes":""},"class_list":["post-9","page","type-page","status-publish"],"_links":{"self":[{"href":"http:\/\/www.ricardocmora.com\/funebres\/wp-json\/wp\/v2\/pages\/9","targetHints":{"allow":["GET"]}}],"collection":[{"href":"http:\/\/www.ricardocmora.com\/funebres\/wp-json\/wp\/v2\/pages"}],"about":[{"href":"http:\/\/www.ricardocmora.com\/funebres\/wp-json\/wp\/v2\/types\/page"}],"author":[{"embeddable":true,"href":"http:\/\/www.ricardocmora.com\/funebres\/wp-json\/wp\/v2\/users\/4"}],"replies":[{"embeddable":true,"href":"http:\/\/www.ricardocmora.com\/funebres\/wp-json\/wp\/v2\/comments?post=9"}],"version-history":[{"count":96,"href":"http:\/\/www.ricardocmora.com\/funebres\/wp-json\/wp\/v2\/pages\/9\/revisions"}],"predecessor-version":[{"id":488,"href":"http:\/\/www.ricardocmora.com\/funebres\/wp-json\/wp\/v2\/pages\/9\/revisions\/488"}],"wp:attachment":[{"href":"http:\/\/www.ricardocmora.com\/funebres\/wp-json\/wp\/v2\/media?parent=9"}],"curies":[{"name":"wp","href":"https:\/\/api.w.org\/{rel}","templated":true}]}}

[vc_row type=»full_width_content» full_screen_row_position=»middle» bg_color=»#646b6e» scene_position=»center» text_color=»dark» text_align=»left» bottom_padding=»13%» overlay_strength=»0.3&#8243; enable_shape_divider=»true» shape_divider_color=»#ffffff» shape_divider_position=»bottom» shape_divider_height=»200&#8243; shape_type=»waves»][vc_column column_padding=»no-extra-padding» column_padding_position=»all» background_color_opacity=»1&#8243; background_hover_color_opacity=»1&#8243; column_link_target=»_self» column_shadow=»none» column_border_radius=»none» width=»1/1&#8243; tablet_width_inherit=»default» tablet_text_alignment=»default» phone_text_alignment=»default» column_border_width=»none» column_border_style=»solid»][/vc_column][vc_column column_padding=»no-extra-padding» column_padding_position=»all» background_color_opacity=»1&#8243; background_hover_color_opacity=»1&#8243; column_link_target=»_self» column_shadow=»none» column_border_radius=»none» width=»1/1&#8243; tablet_width_inherit=»default» tablet_text_alignment=»default» phone_text_alignment=»default» column_border_width=»none» column_border_style=»solid» offset=»vc_hidden-lg»]<div class="divider-wrap" data-alignment="default"><div style="height: 10px;" class="divider"></div></div>[/vc_column][/vc_row][vc_row type=»full_width_content» full_screen_row_position=»middle» scene_position=»center» text_color=»dark» text_align=»left» overlay_strength=»0.3&#8243; shape_divider_position=»bottom» shape_type=»»][vc_column column_padding=»no-extra-padding» column_padding_position=»all» background_color_opacity=»1&#8243; background_hover_color_opacity=»1&#8243; column_link_target=»_self» column_shadow=»none» column_border_radius=»none» width=»1/1&#8243; tablet_width_inherit=»default» tablet_text_alignment=»default» phone_text_alignment=»default» column_border_width=»none» column_border_style=»solid»]<div class="divider-wrap" data-alignment="default"><div style="height: 100px;" class="divider"></div></div>[/vc_column][/vc_row][vc_row type=»in_container» full_screen_row_position=»middle» scene_position=»center» text_color=»dark» text_align=»left» overlay_strength=»0.3&#8243; shape_divider_position=»bottom»][vc_column column_padding=»no-extra-padding» column_padding_position=»all» background_color_opacity=»1&#8243; background_hover_color_opacity=»1&#8243; column_link_target=»_self» column_shadow=»none» column_border_radius=»none» width=»1/1&#8243; tablet_width_inherit=»default» tablet_text_alignment=»default» phone_text_alignment=»default» column_border_width=»none» column_border_style=»solid»]<div class="divider-wrap" data-alignment="default"><div style="height: 70px;" class="divider"></div></div>[vc_custom_heading text=»Salas Velatorias» font_container=»tag:h1|text_align:center|color:%23161616&#8243; google_fonts=»font_family:Varela%20Round%3Aregular|font_style:400%20regular%3A400%3Anormal» css_animation=»bounceInUp»]<div class="divider-wrap" data-alignment="default"><div style="height: 30px;" class="divider"></div></div>[vc_custom_heading text=»Un empresa familiar con más de 30 años de experiencia,<br />
dedicada totalmente a sus afiliados siempre velando<br />
por su bienestar.» font_container=»tag:h3|text_align:center|color:%23161616&#8243; google_fonts=»font_family:Varela%20Round%3Aregular|font_style:400%20regular%3A400%3Anormal» css_animation=»bounceInUp»][/vc_column][/vc_row][vc_row type=»full_width_background» full_screen_row_position=»middle» scene_position=»center» text_color=»dark» text_align=»left» top_padding=»10%» bottom_padding=»10%» overlay_strength=»0.3&#8243; shape_divider_position=»bottom»][vc_column column_padding=»no-extra-padding» column_padding_position=»all» background_color_opacity=»1&#8243; background_hover_color_opacity=»1&#8243; column_link_target=»_self» column_shadow=»none» column_border_radius=»none» width=»1/1&#8243; tablet_width_inherit=»default» tablet_text_alignment=»default» phone_text_alignment=»default» column_border_width=»none» column_border_style=»solid»][vc_row_inner equal_height=»yes» content_placement=»middle» column_margin=»default» text_align=»left»][vc_column_inner column_padding=»no-extra-padding» column_padding_position=»all» background_color_opacity=»1&#8243; background_hover_color_opacity=»1&#8243; column_shadow=»none» column_border_radius=»none» column_link_target=»_self» width=»1/2&#8243; tablet_width_inherit=»default» column_border_width=»none» column_border_style=»solid»][split_line_heading]
<h2>Déjenos ayudarle con el</h2>
<h2>transporte fúnebre</h2>
[/split_line_heading][vc_column_text css_animation=»bottom-to-top» css=».vc_custom_1748871981655{margin-top: 15px !important;}» max_width=»500&#8243;]En Ricardo C. Mora, renovamos nuestro compromiso con la calidad y el servicio incorporando una nueva línea de vehículos fúnebres. Estos modelos destacan por su diseño moderno, su confort y su eficiencia, pensados para acompañar cada ceremonia con la distinción y el respeto que nos caracterizan. Esta actualización nos permite brindar una experiencia más completa, profesional y a la altura de las expectativas de nuestras familias.[/vc_column_text][/vc_column_inner][vc_column_inner column_padding=»no-extra-padding» column_padding_position=»all» background_color_opacity=»1&#8243; background_hover_color_opacity=»1&#8243; column_shadow=»none» column_border_radius=»none» column_link_target=»_self» width=»1/2&#8243; tablet_width_inherit=»default» column_border_width=»none» column_border_style=»solid»][vc_gallery type=»flexslider_style» images=»486,485,484,483&#8243; onclick=»link_no»][/vc_column_inner][/vc_row_inner][/vc_column][/vc_row][vc_row type=»in_container» full_screen_row_position=»middle» scene_position=»center» text_color=»dark» text_align=»left» overlay_strength=»0.3&#8243; shape_divider_position=»bottom»][vc_column column_padding=»no-extra-padding» column_padding_position=»all» background_color_opacity=»1&#8243; background_hover_color_opacity=»1&#8243; column_link_target=»_self» column_shadow=»none» column_border_radius=»none» width=»1/1&#8243; tablet_width_inherit=»default» tablet_text_alignment=»default» phone_text_alignment=»default» column_border_width=»none» column_border_style=»solid»][vc_custom_heading text=»Contáctenos» font_container=»tag:h1|text_align:center|color:%23161616&#8243; google_fonts=»font_family:Varela%20Round%3Aregular|font_style:400%20regular%3A400%3Anormal» css_animation=»bounceInUp»][contact-form-7 id=»5&#8243;][/vc_column][/vc_row]
