{"id":224,"date":"2020-06-24T01:32:52","date_gmt":"2020-06-24T01:32:52","guid":{"rendered":"http:\/\/www.ricardocmora.com\/funebres\/?page_id=224"},"modified":"2025-05-30T13:55:19","modified_gmt":"2025-05-30T16:55:19","slug":"solicitar-servicio-funebre","status":"publish","type":"page","link":"http:\/\/www.ricardocmora.com\/funebres\/solicitar-servicio-funebre\/","title":{"rendered":"Solicitar Servicio Funebre"},"content":{"rendered":"[vc_row type=\u00bbfull_width_background\u00bb full_screen_row_position=\u00bbmiddle\u00bb bg_color=\u00bb#ffffff\u00bb scene_position=\u00bbcenter\u00bb text_color=\u00bbdark\u00bb text_align=\u00bbleft\u00bb top_padding=\u00bb5%\u00bb bottom_padding=\u00bb5%\u00bb overlay_strength=\u00bb0.3&#8243; shape_divider_position=\u00bbbottom\u00bb][vc_column column_padding=\u00bbpadding-2-percent\u00bb column_padding_position=\u00bball\u00bb background_color=\u00bb#ffffff\u00bb background_color_opacity=\u00bb1&#8243; background_hover_color_opacity=\u00bb1&#8243; column_link_target=\u00bb_self\u00bb column_shadow=\u00bbnone\u00bb column_border_radius=\u00bbnone\u00bb width=\u00bb1\/2&#8243; tablet_width_inherit=\u00bbdefault\u00bb tablet_text_alignment=\u00bbdefault\u00bb phone_text_alignment=\u00bbdefault\u00bb column_border_width=\u00bbnone\u00bb column_border_style=\u00bbsolid\u00bb][nectar_gradient_text heading_tag=\u00bbh1&#8243; color=\u00bbextra-color-gradient-2&#8243; gradient_direction=\u00bbhorizontal\u00bb text=\u00bbSERVICIOS\u00bb][vc_custom_heading text=\u00bbEn caso de fallecimiento de un familiar\u00bb font_container=\u00bbtag:h2|font_size:15|text_align:left|color:%23606060&#8243; google_fonts=\u00bbfont_family:Varela%20Round%3Aregular|font_style:400%20regular%3A400%3Anormal\u00bb css_animation=\u00bbbottom-to-top\u00bb][split_line_heading]\n<h4 style=\"color: #1e83ec;\">\u00bfCu\u00e1les son los requisitos para poder solicitar un servicio de sepelio?<\/h4>\n[\/split_line_heading][vc_row_inner column_margin=\u00bbdefault\u00bb top_padding=\u00bb15&#8243; bottom_padding=\u00bb25&#8243; text_align=\u00bbleft\u00bb][vc_column_inner enable_animation=\u00bbtrue\u00bb animation=\u00bbfade-in-from-bottom\u00bb column_padding=\u00bbno-extra-padding\u00bb column_padding_position=\u00bball\u00bb background_color_opacity=\u00bb1&#8243; background_hover_color_opacity=\u00bb1&#8243; column_shadow=\u00bbnone\u00bb column_border_radius=\u00bbnone\u00bb column_link_target=\u00bb_self\u00bb width=\u00bb1\/1&#8243; tablet_width_inherit=\u00bbdefault\u00bb column_border_width=\u00bbnone\u00bb column_border_style=\u00bbsolid\u00bb][vc_column_text]Sabemos que este es un momento dif\u00edcil, y queremos acompa\u00f1arte de la manera m\u00e1s clara y sencilla posible. Por eso, te contamos qu\u00e9 documentos y datos necesitamos para poder ayudarte r\u00e1pidamente con los tr\u00e1mites del sepelio:<\/p>\n<ol>\n<li>DNI original de la persona fallecida.<\/li>\n<li>Certificado de defunci\u00f3n<\/li>\n<li>En caso de contar con Obra social, documentaci\u00f3n que acredite la misma. (consultar por convenios y\/o particulares)<\/li>\n<\/ol>\n[\/vc_column_text][vc_custom_heading text=\u00bbSe realiza inmediatamente al recibir el comunicado.\u00bb font_container=\u00bbtag:h2|font_size:15|text_align:left|color:%23606060&#8243; google_fonts=\u00bbfont_family:Varela%20Round%3Aregular|font_style:400%20regular%3A400%3Anormal\u00bb css_animation=\u00bbbottom-to-top\u00bb][\/vc_column_inner][\/vc_row_inner][vc_row_inner column_margin=\u00bbdefault\u00bb text_align=\u00bbleft\u00bb][vc_column_inner enable_animation=\u00bbtrue\u00bb animation=\u00bbfade-in-from-bottom\u00bb column_padding=\u00bbno-extra-padding\u00bb column_padding_position=\u00bball\u00bb background_color_opacity=\u00bb1&#8243; background_hover_color_opacity=\u00bb1&#8243; column_shadow=\u00bbnone\u00bb column_border_radius=\u00bbnone\u00bb column_link_target=\u00bb_self\u00bb width=\u00bb1\/1&#8243; tablet_width_inherit=\u00bbdefault\u00bb column_border_width=\u00bbnone\u00bb column_border_style=\u00bbsolid\u00bb][split_line_heading]\n<h4 style=\"color: #1e83ec;\">\u00bfD\u00f3nde y en qu\u00e9 horario puedo solicitar el servicio?<\/h4>\n[\/split_line_heading][vc_column_text css_animation=\u00bblightSpeedIn\u00bb]\n<p data-start=\"159\" data-end=\"470\">Estamos para acompa\u00f1arte cuando m\u00e1s lo necesites, por eso nuestra empresa trabaja las 24hs los 365 dias del a\u00f1o.<\/p>\n<p data-start=\"159\" data-end=\"470\">Todas nuestras sucursales atienden al p\u00fablico en horario habitual, pero debe tener en cuenta que solo algunas cuentan con guardias nocturnas para servicios de sepelio.<\/p>\n<p data-start=\"159\" data-end=\"470\">A continuaci\u00f3n, te detallamos los d\u00edas y horarios de atenci\u00f3n, y las sucursales con guardia activa:<\/p>\n<p data-start=\"159\" data-end=\"470\">.San Miguel de Tucum\u00e1n: Congreso 220 &#8211; 4305488<\/p>\n<p data-start=\"159\" data-end=\"470\">.Famailla: Laprida 276 &#8211; (03863)-461863<\/p>\n<p data-start=\"159\" data-end=\"470\">.Bella Vista: Roca 78 &#8211; 4820099<\/p>\n<p data-start=\"159\" data-end=\"470\">.Lules: 9 de julio 128 &#8211;\u00a0 4815679<\/p>\n<p data-start=\"159\" data-end=\"470\">.Tafi Viejo: 9 de julio 774\/779 &#8211; 4615576<\/p>\n<p data-start=\"159\" data-end=\"470\">.Trancas: Av. H. Irigoyen 775 &#8211; (03862) 421252<\/p>\n[\/vc_column_text][split_line_heading]\n<h4 style=\"color: #1e83ec;\">\u00bfQui\u00e9n puede solicitar el servicio?<\/h4>\n[\/split_line_heading][vc_column_text]\n<p data-start=\"113\" data-end=\"337\">Cualquier persona puede solicitar el servicio de sepelio, no es necesario ser familiar directo. Estamos para ayudar a quienes lo necesiten, ya sea un amigo, vecino o alguien de confianza que est\u00e9 acompa\u00f1ando en este momento.<\/p>\n[\/vc_column_text][\/vc_column_inner][\/vc_row_inner][\/vc_column][vc_column column_padding=\u00bbpadding-2-percent\u00bb column_padding_position=\u00bball\u00bb background_color_opacity=\u00bb1&#8243; background_hover_color_opacity=\u00bb1&#8243; column_link_target=\u00bb_self\u00bb column_shadow=\u00bbnone\u00bb column_border_radius=\u00bbnone\u00bb width=\u00bb1\/2&#8243; tablet_width_inherit=\u00bbdefault\u00bb tablet_text_alignment=\u00bbdefault\u00bb phone_text_alignment=\u00bbdefault\u00bb column_border_width=\u00bbnone\u00bb column_border_style=\u00bbsolid\u00bb][vc_row_inner column_margin=\u00bbdefault\u00bb text_align=\u00bbleft\u00bb][vc_column_inner column_padding=\u00bbno-extra-padding\u00bb column_padding_position=\u00bball\u00bb background_color_opacity=\u00bb1&#8243; background_hover_color_opacity=\u00bb1&#8243; column_shadow=\u00bbnone\u00bb column_border_radius=\u00bbnone\u00bb column_link_target=\u00bb_self\u00bb width=\u00bb1\/1&#8243; tablet_width_inherit=\u00bbdefault\u00bb column_border_width=\u00bbnone\u00bb column_border_style=\u00bbsolid\u00bb][split_line_heading]\n<h2>Servicio Integral de Sepelio<\/h2>\n<p data-start=\"144\" data-end=\"465\">En Ricardo C. Mora, te ofrecemos un servicio integral de sepelio para acompa\u00f1arte en los momentos m\u00e1s dif\u00edciles. Nos encargamos de todos los detalles para que puedas estar tranquilo y dedicarte a lo m\u00e1s importante: estar con tus seres queridos. Contamos con opciones flexibles y personalizadas para cada necesidad:<\/p>\n<ul>\n<li data-start=\"144\" data-end=\"465\">ATAUD: B\u00f3veda color caoba, nogal o natural, con o sin caja de interior met\u00e1lica, v\u00e1lvula para formol, soldadura, mortaja, herrajes en imitaci\u00f3n plata vieja, con ocho manijas y placa identificadora.<\/li>\n<li data-start=\"144\" data-end=\"465\">SERVICIO DE CALLE: Desde el velatorio hasta el cementerio para su inhumaci\u00f3n con coche f\u00fanebre, un portacoronas y dos autos de acompa\u00f1amiento.<\/li>\n<li data-start=\"144\" data-end=\"465\">SERVICIO DE ATENCION: Colaboraci\u00f3n solidaria con los deudos, facilitando una correcta informaci\u00f3n en todo lo relativo al servicio que se presta.<\/li>\n<li data-start=\"144\" data-end=\"465\">SERVICIO DE FURGON SANITARIO O AMBULANCIA: Cubre el retiro del extinto desde sanatorios, cl\u00ednicas u hospitales y posterior traslado al lugar destinado para su velatorio.<\/li>\n<li data-start=\"144\" data-end=\"465\">TRAMITES: Del registro civil, municipales y del cementerio incluyendo los instrumentos legales de inhumaci\u00f3n.<\/li>\n<li data-start=\"144\" data-end=\"465\">VELATORIOS: En el domicilio indicado por los deudos o en salas velatorias con su correspondiente capilla ardiente y s\u00edmbolos religiosos.<\/li>\n<li data-start=\"144\" data-end=\"465\">LIMITES Y AMBITOS DEL SERVICIO: La prestaci\u00f3n del servicio se adecuara a las caracter\u00edsticas particulares de cada zona en donde se concreta el mismo, y cubre todo el territotio de la provincia de Tucum\u00e1n.<\/li>\n<li data-start=\"144\" data-end=\"465\">PARCELA JARDIN: La empresa adjudica al momento del fallecimiento, una parcela jard\u00edn en cualquier cementerio privado de esta ciudad. Para el caso del interior de la provincia tambien se adjudicara un terreno en cementerio jard\u00edn si hubiese o en cementerios comunales o municipales.<\/li>\n<li data-start=\"144\" data-end=\"465\">AVISO EN DIARIO: Quedara a cargo de la empresa, los tramites y pago de la publicaci\u00f3n de un aviso a una columna en diario local.<\/li>\n<\/ul>\n[\/split_line_heading][\/vc_column_inner][\/vc_row_inner][\/vc_column][vc_column column_padding=\u00bbno-extra-padding\u00bb column_padding_position=\u00bball\u00bb background_color_opacity=\u00bb1&#8243; background_hover_color_opacity=\u00bb1&#8243; column_link_target=\u00bb_self\u00bb column_shadow=\u00bbnone\u00bb column_border_radius=\u00bbnone\u00bb width=\u00bb1\/1&#8243; tablet_width_inherit=\u00bbdefault\u00bb tablet_text_alignment=\u00bbdefault\u00bb phone_text_alignment=\u00bbdefault\u00bb column_border_width=\u00bbnone\u00bb column_border_style=\u00bbsolid\u00bb][\/vc_column][vc_column column_padding=\u00bbno-extra-padding\u00bb column_padding_position=\u00bball\u00bb background_color_opacity=\u00bb1&#8243; background_hover_color_opacity=\u00bb1&#8243; column_link_target=\u00bb_self\u00bb column_shadow=\u00bbnone\u00bb column_border_radius=\u00bbnone\u00bb width=\u00bb1\/1&#8243; tablet_width_inherit=\u00bbdefault\u00bb tablet_text_alignment=\u00bbdefault\u00bb phone_text_alignment=\u00bbdefault\u00bb column_border_width=\u00bbnone\u00bb column_border_style=\u00bbsolid\u00bb][\/vc_column][\/vc_row]\n","protected":false},"excerpt":{"rendered":"<p>[vc_row type=\u00bbfull_width_background\u00bb full_screen_row_position=\u00bbmiddle\u00bb bg_color=\u00bb#ffffff\u00bb scene_position=\u00bbcenter\u00bb text_color=\u00bbdark\u00bb text_align=\u00bbleft\u00bb top_padding=\u00bb5%\u00bb bottom_padding=\u00bb5%\u00bb overlay_strength=\u00bb0.3&#8243; shape_divider_position=\u00bbbottom\u00bb][vc_column column_padding=\u00bbpadding-2-percent\u00bb column_padding_position=\u00bball\u00bb background_color=\u00bb#ffffff\u00bb background_color_opacity=\u00bb1&#8243; background_hover_color_opacity=\u00bb1&#8243; column_link_target=\u00bb_self\u00bb column_shadow=\u00bbnone\u00bb column_border_radius=\u00bbnone\u00bb width=\u00bb1\/2&#8243; tablet_width_inherit=\u00bbdefault\u00bb tablet_text_alignment=\u00bbdefault\u00bb phone_text_alignment=\u00bbdefault\u00bb column_border_width=\u00bbnone\u00bb column_border_style=\u00bbsolid\u00bb][nectar_gradient_text heading_tag=\u00bbh1&#8243; color=\u00bbextra-color-gradient-2&#8243; gradient_direction=\u00bbhorizontal\u00bb text=\u00bbSERVICIOS\u00bb][vc_custom_heading text=\u00bbEn&#8230;<\/p>\n","protected":false},"author":4,"featured_media":0,"parent":0,"menu_order":0,"comment_status":"closed","ping_status":"closed","template":"","meta":{"footnotes":""},"class_list":["post-224","page","type-page","status-publish"],"_links":{"self":[{"href":"http:\/\/www.ricardocmora.com\/funebres\/wp-json\/wp\/v2\/pages\/224","targetHints":{"allow":["GET"]}}],"collection":[{"href":"http:\/\/www.ricardocmora.com\/funebres\/wp-json\/wp\/v2\/pages"}],"about":[{"href":"http:\/\/www.ricardocmora.com\/funebres\/wp-json\/wp\/v2\/types\/page"}],"author":[{"embeddable":true,"href":"http:\/\/www.ricardocmora.com\/funebres\/wp-json\/wp\/v2\/users\/4"}],"replies":[{"embeddable":true,"href":"http:\/\/www.ricardocmora.com\/funebres\/wp-json\/wp\/v2\/comments?post=224"}],"version-history":[{"count":30,"href":"http:\/\/www.ricardocmora.com\/funebres\/wp-json\/wp\/v2\/pages\/224\/revisions"}],"predecessor-version":[{"id":478,"href":"http:\/\/www.ricardocmora.com\/funebres\/wp-json\/wp\/v2\/pages\/224\/revisions\/478"}],"wp:attachment":[{"href":"http:\/\/www.ricardocmora.com\/funebres\/wp-json\/wp\/v2\/media?parent=224"}],"curies":[{"name":"wp","href":"https:\/\/api.w.org\/{rel}","templated":true}]}}

[vc_row type=»full_width_background» full_screen_row_position=»middle» bg_color=»#ffffff» scene_position=»center» text_color=»dark» text_align=»left» top_padding=»5%» bottom_padding=»5%» overlay_strength=»0.3&#8243; shape_divider_position=»bottom»][vc_column column_padding=»padding-2-percent» column_padding_position=»all» background_color=»#ffffff» background_color_opacity=»1&#8243; background_hover_color_opacity=»1&#8243; column_link_target=»_self» column_shadow=»none» column_border_radius=»none» width=»1/2&#8243; tablet_width_inherit=»default» tablet_text_alignment=»default» phone_text_alignment=»default» column_border_width=»none» column_border_style=»solid»][nectar_gradient_text heading_tag=»h1&#8243; color=»extra-color-gradient-2&#8243; gradient_direction=»horizontal» text=»SERVICIOS»][vc_custom_heading text=»En caso de fallecimiento de un familiar» font_container=»tag:h2|font_size:15|text_align:left|color:%23606060&#8243; google_fonts=»font_family:Varela%20Round%3Aregular|font_style:400%20regular%3A400%3Anormal» css_animation=»bottom-to-top»][split_line_heading]
<h4 style="color: #1e83ec;">¿Cuáles son los requisitos para poder solicitar un servicio de sepelio?</h4>
[/split_line_heading][vc_row_inner column_margin=»default» top_padding=»15&#8243; bottom_padding=»25&#8243; text_align=»left»][vc_column_inner enable_animation=»true» animation=»fade-in-from-bottom» column_padding=»no-extra-padding» column_padding_position=»all» background_color_opacity=»1&#8243; background_hover_color_opacity=»1&#8243; column_shadow=»none» column_border_radius=»none» column_link_target=»_self» width=»1/1&#8243; tablet_width_inherit=»default» column_border_width=»none» column_border_style=»solid»][vc_column_text]Sabemos que este es un momento difícil, y queremos acompañarte de la manera más clara y sencilla posible. Por eso, te contamos qué documentos y datos necesitamos para poder ayudarte rápidamente con los trámites del sepelio:</p>
<ol>
<li>DNI original de la persona fallecida.</li>
<li>Certificado de defunción</li>
<li>En caso de contar con Obra social, documentación que acredite la misma. (consultar por convenios y/o particulares)</li>
</ol>
[/vc_column_text][vc_custom_heading text=»Se realiza inmediatamente al recibir el comunicado.» font_container=»tag:h2|font_size:15|text_align:left|color:%23606060&#8243; google_fonts=»font_family:Varela%20Round%3Aregular|font_style:400%20regular%3A400%3Anormal» css_animation=»bottom-to-top»][/vc_column_inner][/vc_row_inner][vc_row_inner column_margin=»default» text_align=»left»][vc_column_inner enable_animation=»true» animation=»fade-in-from-bottom» column_padding=»no-extra-padding» column_padding_position=»all» background_color_opacity=»1&#8243; background_hover_color_opacity=»1&#8243; column_shadow=»none» column_border_radius=»none» column_link_target=»_self» width=»1/1&#8243; tablet_width_inherit=»default» column_border_width=»none» column_border_style=»solid»][split_line_heading]
<h4 style="color: #1e83ec;">¿Dónde y en qué horario puedo solicitar el servicio?</h4>
[/split_line_heading][vc_column_text css_animation=»lightSpeedIn»]
<p data-start="159" data-end="470">Estamos para acompañarte cuando más lo necesites, por eso nuestra empresa trabaja las 24hs los 365 dias del año.</p>
<p data-start="159" data-end="470">Todas nuestras sucursales atienden al público en horario habitual, pero debe tener en cuenta que solo algunas cuentan con guardias nocturnas para servicios de sepelio.</p>
<p data-start="159" data-end="470">A continuación, te detallamos los días y horarios de atención, y las sucursales con guardia activa:</p>
<p data-start="159" data-end="470">.San Miguel de Tucumán: Congreso 220 &#8211; 4305488</p>
<p data-start="159" data-end="470">.Famailla: Laprida 276 &#8211; (03863)-461863</p>
<p data-start="159" data-end="470">.Bella Vista: Roca 78 &#8211; 4820099</p>
<p data-start="159" data-end="470">.Lules: 9 de julio 128 &#8211;  4815679</p>
<p data-start="159" data-end="470">.Tafi Viejo: 9 de julio 774/779 &#8211; 4615576</p>
<p data-start="159" data-end="470">.Trancas: Av. H. Irigoyen 775 &#8211; (03862) 421252</p>
[/vc_column_text][split_line_heading]
<h4 style="color: #1e83ec;">¿Quién puede solicitar el servicio?</h4>
[/split_line_heading][vc_column_text]
<p data-start="113" data-end="337">Cualquier persona puede solicitar el servicio de sepelio, no es necesario ser familiar directo. Estamos para ayudar a quienes lo necesiten, ya sea un amigo, vecino o alguien de confianza que esté acompañando en este momento.</p>
[/vc_column_text][/vc_column_inner][/vc_row_inner][/vc_column][vc_column column_padding=»padding-2-percent» column_padding_position=»all» background_color_opacity=»1&#8243; background_hover_color_opacity=»1&#8243; column_link_target=»_self» column_shadow=»none» column_border_radius=»none» width=»1/2&#8243; tablet_width_inherit=»default» tablet_text_alignment=»default» phone_text_alignment=»default» column_border_width=»none» column_border_style=»solid»][vc_row_inner column_margin=»default» text_align=»left»][vc_column_inner column_padding=»no-extra-padding» column_padding_position=»all» background_color_opacity=»1&#8243; background_hover_color_opacity=»1&#8243; column_shadow=»none» column_border_radius=»none» column_link_target=»_self» width=»1/1&#8243; tablet_width_inherit=»default» column_border_width=»none» column_border_style=»solid»][split_line_heading]
<h2>Servicio Integral de Sepelio</h2>
<p data-start="144" data-end="465">En Ricardo C. Mora, te ofrecemos un servicio integral de sepelio para acompañarte en los momentos más difíciles. Nos encargamos de todos los detalles para que puedas estar tranquilo y dedicarte a lo más importante: estar con tus seres queridos. Contamos con opciones flexibles y personalizadas para cada necesidad:</p>
<ul>
<li data-start="144" data-end="465">ATAUD: Bóveda color caoba, nogal o natural, con o sin caja de interior metálica, válvula para formol, soldadura, mortaja, herrajes en imitación plata vieja, con ocho manijas y placa identificadora.</li>
<li data-start="144" data-end="465">SERVICIO DE CALLE: Desde el velatorio hasta el cementerio para su inhumación con coche fúnebre, un portacoronas y dos autos de acompañamiento.</li>
<li data-start="144" data-end="465">SERVICIO DE ATENCION: Colaboración solidaria con los deudos, facilitando una correcta información en todo lo relativo al servicio que se presta.</li>
<li data-start="144" data-end="465">SERVICIO DE FURGON SANITARIO O AMBULANCIA: Cubre el retiro del extinto desde sanatorios, clínicas u hospitales y posterior traslado al lugar destinado para su velatorio.</li>
<li data-start="144" data-end="465">TRAMITES: Del registro civil, municipales y del cementerio incluyendo los instrumentos legales de inhumación.</li>
<li data-start="144" data-end="465">VELATORIOS: En el domicilio indicado por los deudos o en salas velatorias con su correspondiente capilla ardiente y símbolos religiosos.</li>
<li data-start="144" data-end="465">LIMITES Y AMBITOS DEL SERVICIO: La prestación del servicio se adecuara a las características particulares de cada zona en donde se concreta el mismo, y cubre todo el territotio de la provincia de Tucumán.</li>
<li data-start="144" data-end="465">PARCELA JARDIN: La empresa adjudica al momento del fallecimiento, una parcela jardín en cualquier cementerio privado de esta ciudad. Para el caso del interior de la provincia tambien se adjudicara un terreno en cementerio jardín si hubiese o en cementerios comunales o municipales.</li>
<li data-start="144" data-end="465">AVISO EN DIARIO: Quedara a cargo de la empresa, los tramites y pago de la publicación de un aviso a una columna en diario local.</li>
</ul>
[/split_line_heading][/vc_column_inner][/vc_row_inner][/vc_column][vc_column column_padding=»no-extra-padding» column_padding_position=»all» background_color_opacity=»1&#8243; background_hover_color_opacity=»1&#8243; column_link_target=»_self» column_shadow=»none» column_border_radius=»none» width=»1/1&#8243; tablet_width_inherit=»default» tablet_text_alignment=»default» phone_text_alignment=»default» column_border_width=»none» column_border_style=»solid»][/vc_column][vc_column column_padding=»no-extra-padding» column_padding_position=»all» background_color_opacity=»1&#8243; background_hover_color_opacity=»1&#8243; column_link_target=»_self» column_shadow=»none» column_border_radius=»none» width=»1/1&#8243; tablet_width_inherit=»default» tablet_text_alignment=»default» phone_text_alignment=»default» column_border_width=»none» column_border_style=»solid»][/vc_column][/vc_row]
